{"version":"1.0","provider_name":"AMVS - Ayurveda Medizin Verband Schweiz","provider_url":"https:\/\/amvs.ch\/fr\/","title":"L\u00e9gislation cantonale : Lucerne, Berne - AMVS - Ayurveda Medizin Verband Schweiz","type":"rich","width":600,"height":338,"html":"<blockquote class=\"wp-embedded-content\" data-secret=\"nIJVzXrrMA\"><a href=\"https:\/\/amvs.ch\/fr\/legislation-cantonale-lucerne-berne\/\">L\u00e9gislation cantonale : Lucerne, Berne<\/a><\/blockquote><iframe sandbox=\"allow-scripts\" security=\"restricted\" src=\"https:\/\/amvs.ch\/fr\/legislation-cantonale-lucerne-berne\/embed\/#?secret=nIJVzXrrMA\" width=\"600\" height=\"338\" title=\"\u00ab\u00a0L\u00e9gislation cantonale : Lucerne, Berne\u00a0\u00bb &#8212; AMVS - Ayurveda Medizin Verband Schweiz\" data-secret=\"nIJVzXrrMA\" frameborder=\"0\" marginwidth=\"0\" marginheight=\"0\" scrolling=\"no\" class=\"wp-embedded-content\"><\/iframe><script type=\"text\/javascript\">\n\/* <![CDATA[ *\/\n\/*! This file is auto-generated *\/\n!function(d,l){\"use strict\";l.querySelector&&d.addEventListener&&\"undefined\"!=typeof URL&&(d.wp=d.wp||{},d.wp.receiveEmbedMessage||(d.wp.receiveEmbedMessage=function(e){var t=e.data;if((t||t.secret||t.message||t.value)&&!\/[^a-zA-Z0-9]\/.test(t.secret)){for(var s,r,n,a=l.querySelectorAll('iframe[data-secret=\"'+t.secret+'\"]'),o=l.querySelectorAll('blockquote[data-secret=\"'+t.secret+'\"]'),c=new RegExp(\"^https?:$\",\"i\"),i=0;i<o.length;i++)o[i].style.display=\"none\";for(i=0;i<a.length;i++)s=a[i],e.source===s.contentWindow&&(s.removeAttribute(\"style\"),\"height\"===t.message?(1e3<(r=parseInt(t.value,10))?r=1e3:~~r<200&&(r=200),s.height=r):\"link\"===t.message&&(r=new URL(s.getAttribute(\"src\")),n=new URL(t.value),c.test(n.protocol))&&n.host===r.host&&l.activeElement===s&&(d.top.location.href=t.value))}},d.addEventListener(\"message\",d.wp.receiveEmbedMessage,!1),l.addEventListener(\"DOMContentLoaded\",function(){for(var e,t,s=l.querySelectorAll(\"iframe.wp-embedded-content\"),r=0;r<s.length;r++)(t=(e=s[r]).getAttribute(\"data-secret\"))||(t=Math.random().toString(36).substring(2,12),e.src+=\"#?secret=\"+t,e.setAttribute(\"data-secret\",t)),e.contentWindow.postMessage({message:\"ready\",secret:t},\"*\")},!1)))}(window,document);\n\/\/# sourceURL=https:\/\/amvs.ch\/wp-includes\/js\/wp-embed.min.js\n\/* ]]> *\/\n<\/script>\n","description":"Lucerne\u00a0 Apr\u00e8s de nombreuses ann\u00e9es d\u2019efforts, l\u2019association r\u00e9gionale des naturopathes avec le soutien de la CoPo (Comission Politique de l\u2019OrTra) ont r\u00e9ussi \u00e0 r\u00e9tablir les bases l\u00e9gales \u00e0 l\u2019obtention d\u2019une licence professionnelle de naturopathe. Le projet de loi (r\u00e9vision partielle de la loi sur les soins de sant\u00e9) a franchi le premier obstacle au Conseil&hellip;"}

Législation cantonale : Lucerne, Berne - AMVS - Ayurveda Medizin Verband Schweiz

<blockquote class="wp-embedded-content" data-secret="nIJVzXrrMA"><a href="https://amvs.ch/fr/legislation-cantonale-lucerne-berne/">Législation cantonale : Lucerne, Berne</a></blockquote><iframe sandbox="allow-scripts" security="restricted" src="https://amvs.ch/fr/legislation-cantonale-lucerne-berne/embed/#?secret=nIJVzXrrMA" width="600" height="338" title="« Législation cantonale : Lucerne, Berne » &#8212; AMVS - Ayurveda Medizin Verband Schweiz" data-secret="nIJVzXrrMA" frameborder="0" marginwidth="0" marginheight="0" scrolling="no" class="wp-embedded-content"></iframe><script type="text/javascript">
/* <![CDATA[ */
/*! This file is auto-generated */
!function(d,l){"use strict";l.querySelector&&d.addEventListener&&"undefined"!=typeof URL&&(d.wp=d.wp||{},d.wp.receiveEmbedMessage||(d.wp.receiveEmbedMessage=function(e){var t=e.data;if((t||t.secret||t.message||t.value)&&!/[^a-zA-Z0-9]/.test(t.secret)){for(var s,r,n,a=l.querySelectorAll('iframe[data-secret="'+t.secret+'"]'),o=l.querySelectorAll('blockquote[data-secret="'+t.secret+'"]'),c=new RegExp("^https?:$","i"),i=0;i<o.length;i++)o[i].style.display="none";for(i=0;i<a.length;i++)s=a[i],e.source===s.contentWindow&&(s.removeAttribute("style"),"height"===t.message?(1e3<(r=parseInt(t.value,10))?r=1e3:~~r<200&&(r=200),s.height=r):"link"===t.message&&(r=new URL(s.getAttribute("src")),n=new URL(t.value),c.test(n.protocol))&&n.host===r.host&&l.activeElement===s&&(d.top.location.href=t.value))}},d.addEventListener("message",d.wp.receiveEmbedMessage,!1),l.addEventListener("DOMContentLoaded",function(){for(var e,t,s=l.querySelectorAll("iframe.wp-embedded-content"),r=0;r<s.length;r++)(t=(e=s[r]).getAttribute("data-secret"))||(t=Math.random().toString(36).substring(2,12),e.src+="#?secret="+t,e.setAttribute("data-secret",t)),e.contentWindow.postMessage({message:"ready",secret:t},"*")},!1)))}(window,document);
//# sourceURL=https://amvs.ch/wp-includes/js/wp-embed.min.js
/* ]]> */
</script>

Lucerne  Après de nombreuses années d’efforts, l’association régionale des naturopathes avec le soutien de la CoPo (Comission Politique de l’OrTra) ont réussi à rétablir les bases légales à l’obtention d’une licence professionnelle de naturopathe. Le projet de loi (révision partielle de la loi sur les soins de santé) a franchi le premier obstacle au Conseil&hellip;
